{"id":86,"date":"2021-03-28T11:09:10","date_gmt":"2021-03-28T11:09:10","guid":{"rendered":"https:\/\/lfmalaga.im-nomade.com\/?page_id=86"},"modified":"2026-01-21T15:21:49","modified_gmt":"2026-01-21T14:21:49","slug":"frais-de-scolarite","status":"publish","type":"page","link":"https:\/\/lfmalaga.com\/en\/formalites\/frais-de-scolarite\/","title":{"rendered":"Tuition"},"content":{"rendered":"<div data-elementor-type=\"wp-page\" data-elementor-id=\"86\" class=\"elementor elementor-86\" data-elementor-post-type=\"page\">\n\t\t\t\t\t\t<section class=\"elementor-section elementor-top-section elementor-element elementor-element-24ed2a3b elementor-section-full_width elementor-section-content-middle elementor-section-height-default elementor-section-height-default\" data-id=\"24ed2a3b\" data-element_type=\"section\" data-e-type=\"section\">\n\t\t\t\t\t\t<div class=\"elementor-container elementor-column-gap-no\">\n\t\t\t\t\t<div class=\"elementor-column elementor-col-100 elementor-top-column elementor-element elementor-element-115b73f8\" data-id=\"115b73f8\" data-element_type=\"column\" data-e-type=\"column\">\n\t\t\t<div class=\"elementor-widget-wrap elementor-element-populated\">\n\t\t\t\t\t\t<div class=\"elementor-element elementor-element-278bfe58 elementor-widget elementor-widget-shortcode\" data-id=\"278bfe58\" data-element_type=\"widget\" data-e-type=\"widget\" data-widget_type=\"shortcode.default\">\n\t\t\t\t<div class=\"elementor-widget-container\">\n\t\t\t\t\t\t\t<div class=\"elementor-shortcode\"><\/div>\n\t\t\t\t\t\t<\/div>\n\t\t\t\t<\/div>\n\t\t\t\t\t<\/div>\n\t\t<\/div>\n\t\t\t\t\t<\/div>\n\t\t<\/section>\n\t\t<div class=\"elementor-element elementor-element-7dce72d e-flex e-con-boxed e-con e-parent\" data-id=\"7dce72d\" data-element_type=\"container\" data-e-type=\"container\">\n\t\t\t\t\t<div class=\"e-con-inner\">\n\t\t\t\t<div class=\"elementor-element elementor-element-8531142 elementor-widget elementor-widget-heading\" data-id=\"8531142\" data-element_type=\"widget\" data-e-type=\"widget\" data-widget_type=\"heading.default\">\n\t\t\t\t<div class=\"elementor-widget-container\">\n\t\t\t\t\t<h2 class=\"elementor-heading-title elementor-size-default\">Tuition\n<\/h2>\t\t\t\t<\/div>\n\t\t\t\t<\/div>\n\t\t\t\t<div class=\"elementor-element elementor-element-9b7cc23 elementor-widget elementor-widget-text-editor\" data-id=\"9b7cc23\" data-element_type=\"widget\" data-e-type=\"widget\" data-widget_type=\"text-editor.default\">\n\t\t\t\t<div class=\"elementor-widget-container\">\n\t\t\t\t\t\t\t\t\t<p>Tuition at the Lyc\u00e9e Fran\u00e7ais International de M\u00e1laga is chargeable for all registered students, regardless of their nationality. The prices are voted by the Association for the development of the French International School of M\u00e1laga meeting in the Management Committee.&nbsp;<\/p><p>Consult the documents below to find out about tuition fees and tuition assistance allocations:<\/p>\t\t\t\t\t\t\t\t<\/div>\n\t\t\t\t<\/div>\n\t\t\t\t<div class=\"elementor-element elementor-element-7626629 elementor-widget elementor-widget-image\" data-id=\"7626629\" data-element_type=\"widget\" data-e-type=\"widget\" data-widget_type=\"image.default\">\n\t\t\t\t<div class=\"elementor-widget-container\">\n\t\t\t\t\t\t\t\t\t\t\t\t\t\t\t<img fetchpriority=\"high\" decoding=\"async\" width=\"1414\" height=\"2000\" src=\"https:\/\/lfmalaga.com\/wp-content\/uploads\/2026\/01\/Frais-de-scolarite-2026-2027-FR.png\" class=\"attachment-full size-full wp-image-36427\" alt=\"\" srcset=\"https:\/\/lfmalaga.com\/wp-content\/uploads\/2026\/01\/Frais-de-scolarite-2026-2027-FR.png 1414w, https:\/\/lfmalaga.com\/wp-content\/uploads\/2026\/01\/Frais-de-scolarite-2026-2027-FR-212x300.png 212w, https:\/\/lfmalaga.com\/wp-content\/uploads\/2026\/01\/Frais-de-scolarite-2026-2027-FR-724x1024.png 724w, https:\/\/lfmalaga.com\/wp-content\/uploads\/2026\/01\/Frais-de-scolarite-2026-2027-FR-768x1086.png 768w, https:\/\/lfmalaga.com\/wp-content\/uploads\/2026\/01\/Frais-de-scolarite-2026-2027-FR-1086x1536.png 1086w, https:\/\/lfmalaga.com\/wp-content\/uploads\/2026\/01\/Frais-de-scolarite-2026-2027-FR-8x12.png 8w\" sizes=\"(max-width: 1414px) 100vw, 1414px\" \/>\t\t\t\t\t\t\t\t\t\t\t\t\t\t\t<\/div>\n\t\t\t\t<\/div>\n\t\t\t\t<div class=\"elementor-element elementor-element-01e065b elementor-widget elementor-widget-button\" data-id=\"01e065b\" data-element_type=\"widget\" data-e-type=\"widget\" data-widget_type=\"button.default\">\n\t\t\t\t<div class=\"elementor-widget-container\">\n\t\t\t\t\t\t\t\t\t<div class=\"elementor-button-wrapper\">\n\t\t\t\t\t<a class=\"elementor-button elementor-button-link elementor-size-sm\" href=\"https:\/\/lfmalaga.com\/wp-content\/uploads\/2026\/01\/BV-6-Reglement-financier-2026-2027-Francais.pdf\" target=\"_blank\">\n\t\t\t\t\t\t<span class=\"elementor-button-content-wrapper\">\n\t\t\t\t\t\t<span class=\"elementor-button-icon\">\n\t\t\t\t<i aria-hidden=\"true\" class=\"fas fa-file-pdf\"><\/i>\t\t\t<\/span>\n\t\t\t\t\t\t\t\t\t<span class=\"elementor-button-text\">Financial regulations for the 2026\/2027 school year<\/span>\n\t\t\t\t\t<\/span>\n\t\t\t\t\t<\/a>\n\t\t\t\t<\/div>\n\t\t\t\t\t\t\t\t<\/div>\n\t\t\t\t<\/div>\n\t\t\t\t<div class=\"elementor-element elementor-element-fd28c67 elementor-widget elementor-widget-button\" data-id=\"fd28c67\" data-element_type=\"widget\" data-e-type=\"widget\" data-widget_type=\"button.default\">\n\t\t\t\t<div class=\"elementor-widget-container\">\n\t\t\t\t\t\t\t\t\t<div class=\"elementor-button-wrapper\">\n\t\t\t\t\t<a class=\"elementor-button elementor-button-link elementor-size-sm\" href=\"https:\/\/lfmalaga.com\/wp-content\/uploads\/2025\/01\/1-Reglement-financier-2025-2026-FR.pdf\" target=\"_blank\">\n\t\t\t\t\t\t<span class=\"elementor-button-content-wrapper\">\n\t\t\t\t\t\t<span class=\"elementor-button-icon\">\n\t\t\t\t<i aria-hidden=\"true\" class=\"fas fa-file-pdf\"><\/i>\t\t\t<\/span>\n\t\t\t\t\t\t\t\t\t<span class=\"elementor-button-text\">Financial regulations for the 2025\/2026 school year<\/span>\n\t\t\t\t\t<\/span>\n\t\t\t\t\t<\/a>\n\t\t\t\t<\/div>\n\t\t\t\t\t\t\t\t<\/div>\n\t\t\t\t<\/div>\n\t\t\t\t<div class=\"elementor-element elementor-element-d88b6ae elementor-widget elementor-widget-button\" data-id=\"d88b6ae\" data-element_type=\"widget\" data-e-type=\"widget\" data-widget_type=\"button.default\">\n\t\t\t\t<div class=\"elementor-widget-container\">\n\t\t\t\t\t\t\t\t\t<div class=\"elementor-button-wrapper\">\n\t\t\t\t\t<a class=\"elementor-button elementor-button-link elementor-size-sm\" href=\"https:\/\/lfmalaga.com\/wp-content\/uploads\/2026\/01\/Frais-de-scolarite-2025-2026.pdf\" target=\"_blank\">\n\t\t\t\t\t\t<span class=\"elementor-button-content-wrapper\">\n\t\t\t\t\t\t<span class=\"elementor-button-icon\">\n\t\t\t\t<i aria-hidden=\"true\" class=\"fas fa-file-pdf\"><\/i>\t\t\t<\/span>\n\t\t\t\t\t\t\t\t\t<span class=\"elementor-button-text\">Rates 2025\/2026<\/span>\n\t\t\t\t\t<\/span>\n\t\t\t\t\t<\/a>\n\t\t\t\t<\/div>\n\t\t\t\t\t\t\t\t<\/div>\n\t\t\t\t<\/div>\n\t\t\t\t<div class=\"elementor-element elementor-element-58b4fb7 elementor-mobile-align-center elementor-widget elementor-widget-button\" data-id=\"58b4fb7\" data-element_type=\"widget\" data-e-type=\"widget\" data-widget_type=\"button.default\">\n\t\t\t\t<div class=\"elementor-widget-container\">\n\t\t\t\t\t\t\t\t\t<div class=\"elementor-button-wrapper\">\n\t\t\t\t\t<a class=\"elementor-button elementor-button-link elementor-size-sm\" href=\"https:\/\/lfmalaga.com\/wp-content\/uploads\/2022\/07\/autorisation-prelevement-mensuel-2022-23.pdf\" target=\"_blank\">\n\t\t\t\t\t\t<span class=\"elementor-button-content-wrapper\">\n\t\t\t\t\t\t<span class=\"elementor-button-icon\">\n\t\t\t\t<i aria-hidden=\"true\" class=\"fas fa-file-pdf\"><\/i>\t\t\t<\/span>\n\t\t\t\t\t\t\t\t\t<span class=\"elementor-button-text\">Monthly direct debit authorization<\/span>\n\t\t\t\t\t<\/span>\n\t\t\t\t\t<\/a>\n\t\t\t\t<\/div>\n\t\t\t\t\t\t\t\t<\/div>\n\t\t\t\t<\/div>\n\t\t\t\t<div class=\"elementor-element elementor-element-847a319 elementor-mobile-align-center elementor-widget elementor-widget-button\" data-id=\"847a319\" data-element_type=\"widget\" data-e-type=\"widget\" data-widget_type=\"button.default\">\n\t\t\t\t<div class=\"elementor-widget-container\">\n\t\t\t\t\t\t\t\t\t<div class=\"elementor-button-wrapper\">\n\t\t\t\t\t<a class=\"elementor-button elementor-button-link elementor-size-sm\" href=\"https:\/\/lfmalaga.com\/wp-content\/uploads\/2022\/07\/reglement-caisse-de-solidarite.pdf\" target=\"_blank\">\n\t\t\t\t\t\t<span class=\"elementor-button-content-wrapper\">\n\t\t\t\t\t\t<span class=\"elementor-button-icon\">\n\t\t\t\t<i aria-hidden=\"true\" class=\"fas fa-file-pdf\"><\/i>\t\t\t<\/span>\n\t\t\t\t\t\t\t\t\t<span class=\"elementor-button-text\">Rules of the aid allocation committee of the LFIM solidarity fund<\/span>\n\t\t\t\t\t<\/span>\n\t\t\t\t\t<\/a>\n\t\t\t\t<\/div>\n\t\t\t\t\t\t\t\t<\/div>\n\t\t\t\t<\/div>\n\t\t\t\t<div class=\"elementor-element elementor-element-1906c99 elementor-mobile-align-center elementor-widget elementor-widget-button\" data-id=\"1906c99\" data-element_type=\"widget\" data-e-type=\"widget\" data-widget_type=\"button.default\">\n\t\t\t\t<div class=\"elementor-widget-container\">\n\t\t\t\t\t\t\t\t\t<div class=\"elementor-button-wrapper\">\n\t\t\t\t\t<a class=\"elementor-button elementor-button-link elementor-size-sm\" href=\"https:\/\/lfmalaga.com\/wp-content\/uploads\/2022\/07\/form.-demande-aide-caisse-de-solidarite.pdf\" target=\"_blank\">\n\t\t\t\t\t\t<span class=\"elementor-button-content-wrapper\">\n\t\t\t\t\t\t<span class=\"elementor-button-icon\">\n\t\t\t\t<i aria-hidden=\"true\" class=\"fas fa-file-pdf\"><\/i>\t\t\t<\/span>\n\t\t\t\t\t\t\t\t\t<span class=\"elementor-button-text\">Request for aid from the solidarity fund<\/span>\n\t\t\t\t\t<\/span>\n\t\t\t\t\t<\/a>\n\t\t\t\t<\/div>\n\t\t\t\t\t\t\t\t<\/div>\n\t\t\t\t<\/div>\n\t\t\t\t\t<\/div>\n\t\t\t\t<\/div>\n\t\t\t\t<\/div>","protected":false},"excerpt":{"rendered":"<p>Frais de scolarit\u00e9 La scolarit\u00e9 au Lyc\u00e9e Fran\u00e7ais International de M\u00e1laga est payante pour tout \u00e9l\u00e8ve inscrit, quelle que soit sa nationalit\u00e9. Les tarifs sont vot\u00e9s par l\u2019Association pour le d\u00e9veloppement du Lyc\u00e9e fran\u00e7ais international de M\u00e1laga r\u00e9unie en Comit\u00e9 de gestion.&nbsp; Consultez les documents ci-dessous afin de vous informer sur les frais de scolarit\u00e9 [&hellip;]<\/p>\n","protected":false},"author":1,"featured_media":365,"parent":29318,"menu_order":0,"comment_status":"closed","ping_status":"closed","template":"","meta":{"footnotes":""},"class_list":["post-86","page","type-page","status-publish","has-post-thumbnail","hentry"],"_links":{"self":[{"href":"https:\/\/lfmalaga.com\/en\/wp-json\/wp\/v2\/pages\/86","targetHints":{"allow":["GET"]}}],"collection":[{"href":"https:\/\/lfmalaga.com\/en\/wp-json\/wp\/v2\/pages"}],"about":[{"href":"https:\/\/lfmalaga.com\/en\/wp-json\/wp\/v2\/types\/page"}],"author":[{"embeddable":true,"href":"https:\/\/lfmalaga.com\/en\/wp-json\/wp\/v2\/users\/1"}],"replies":[{"embeddable":true,"href":"https:\/\/lfmalaga.com\/en\/wp-json\/wp\/v2\/comments?post=86"}],"version-history":[{"count":68,"href":"https:\/\/lfmalaga.com\/en\/wp-json\/wp\/v2\/pages\/86\/revisions"}],"predecessor-version":[{"id":36432,"href":"https:\/\/lfmalaga.com\/en\/wp-json\/wp\/v2\/pages\/86\/revisions\/36432"}],"up":[{"embeddable":true,"href":"https:\/\/lfmalaga.com\/en\/wp-json\/wp\/v2\/pages\/29318"}],"wp:featuredmedia":[{"embeddable":true,"href":"https:\/\/lfmalaga.com\/en\/wp-json\/"}],"wp:attachment":[{"href":"https:\/\/lfmalaga.com\/en\/wp-json\/wp\/v2\/media?parent=86"}],"curies":[{"name":"wp","href":"https:\/\/api.w.org\/{rel}","templated":true}]}}

<div data-elementor-type="wp-page" data-elementor-id="86" class="elementor elementor-86" data-elementor-post-type="page">
						<section class="elementor-section elementor-top-section elementor-element elementor-element-24ed2a3b elementor-section-full_width elementor-section-content-middle elementor-section-height-default elementor-section-height-default" data-id="24ed2a3b" data-element_type="section" data-e-type="section">
						<div class="elementor-container elementor-column-gap-no">
					<div class="elementor-column elementor-col-100 elementor-top-column elementor-element elementor-element-115b73f8" data-id="115b73f8" data-element_type="column" data-e-type="column">
			<div class="elementor-widget-wrap elementor-element-populated">
						<div class="elementor-element elementor-element-278bfe58 elementor-widget elementor-widget-shortcode" data-id="278bfe58" data-element_type="widget" data-e-type="widget" data-widget_type="shortcode.default">
				<div class="elementor-widget-container">
							<div class="elementor-shortcode"></div>
						</div>
				</div>
					</div>
		</div>
					</div>
		</section>
		<div class="elementor-element elementor-element-7dce72d e-flex e-con-boxed e-con e-parent" data-id="7dce72d" data-element_type="container" data-e-type="container">
					<div class="e-con-inner">
				<div class="elementor-element elementor-element-8531142 elementor-widget elementor-widget-heading" data-id="8531142" data-element_type="widget" data-e-type="widget" data-widget_type="heading.default">
				<div class="elementor-widget-container">
					<h2 class="elementor-heading-title elementor-size-default">Tuition
</h2>				</div>
				</div>
				<div class="elementor-element elementor-element-9b7cc23 elementor-widget elementor-widget-text-editor" data-id="9b7cc23" data-element_type="widget" data-e-type="widget" data-widget_type="text-editor.default">
				<div class="elementor-widget-container">
									<p>Tuition at the Lycée Français International de Málaga is chargeable for all registered students, regardless of their nationality. The prices are voted by the Association for the development of the French International School of Málaga meeting in the Management Committee.&nbsp;</p><p>Consult the documents below to find out about tuition fees and tuition assistance allocations:</p>								</div>
				</div>
				<div class="elementor-element elementor-element-7626629 elementor-widget elementor-widget-image" data-id="7626629" data-element_type="widget" data-e-type="widget" data-widget_type="image.default">
				<div class="elementor-widget-container">
															<img fetchpriority="high" decoding="async" width="1414" height="2000" src="https://lfmalaga.com/wp-content/uploads/2026/01/Frais-de-scolarite-2026-2027-FR.png" class="attachment-full size-full wp-image-36427" alt="" srcset="https://lfmalaga.com/wp-content/uploads/2026/01/Frais-de-scolarite-2026-2027-FR.png 1414w, https://lfmalaga.com/wp-content/uploads/2026/01/Frais-de-scolarite-2026-2027-FR-212x300.png 212w, https://lfmalaga.com/wp-content/uploads/2026/01/Frais-de-scolarite-2026-2027-FR-724x1024.png 724w, https://lfmalaga.com/wp-content/uploads/2026/01/Frais-de-scolarite-2026-2027-FR-768x1086.png 768w, https://lfmalaga.com/wp-content/uploads/2026/01/Frais-de-scolarite-2026-2027-FR-1086x1536.png 1086w, https://lfmalaga.com/wp-content/uploads/2026/01/Frais-de-scolarite-2026-2027-FR-8x12.png 8w" sizes="(max-width: 1414px) 100vw, 1414px" />															</div>
				</div>
				<div class="elementor-element elementor-element-01e065b elementor-widget elementor-widget-button" data-id="01e065b" data-element_type="widget" data-e-type="widget" data-widget_type="button.default">
				<div class="elementor-widget-container">
									<div class="elementor-button-wrapper">
					<a class="elementor-button elementor-button-link elementor-size-sm" href="https://lfmalaga.com/wp-content/uploads/2026/01/BV-6-Reglement-financier-2026-2027-Francais.pdf" target="_blank">
						<span class="elementor-button-content-wrapper">
						<span class="elementor-button-icon">
				<i aria-hidden="true" class="fas fa-file-pdf"></i>			</span>
									<span class="elementor-button-text">Financial regulations for the 2026/2027 school year</span>
					</span>
					</a>
				</div>
								</div>
				</div>
				<div class="elementor-element elementor-element-fd28c67 elementor-widget elementor-widget-button" data-id="fd28c67" data-element_type="widget" data-e-type="widget" data-widget_type="button.default">
				<div class="elementor-widget-container">
									<div class="elementor-button-wrapper">
					<a class="elementor-button elementor-button-link elementor-size-sm" href="https://lfmalaga.com/wp-content/uploads/2025/01/1-Reglement-financier-2025-2026-FR.pdf" target="_blank">
						<span class="elementor-button-content-wrapper">
						<span class="elementor-button-icon">
				<i aria-hidden="true" class="fas fa-file-pdf"></i>			</span>
									<span class="elementor-button-text">Financial regulations for the 2025/2026 school year</span>
					</span>
					</a>
				</div>
								</div>
				</div>
				<div class="elementor-element elementor-element-d88b6ae elementor-widget elementor-widget-button" data-id="d88b6ae" data-element_type="widget" data-e-type="widget" data-widget_type="button.default">
				<div class="elementor-widget-container">
									<div class="elementor-button-wrapper">
					<a class="elementor-button elementor-button-link elementor-size-sm" href="https://lfmalaga.com/wp-content/uploads/2026/01/Frais-de-scolarite-2025-2026.pdf" target="_blank">
						<span class="elementor-button-content-wrapper">
						<span class="elementor-button-icon">
				<i aria-hidden="true" class="fas fa-file-pdf"></i>			</span>
									<span class="elementor-button-text">Rates 2025/2026</span>
					</span>
					</a>
				</div>
								</div>
				</div>
				<div class="elementor-element elementor-element-58b4fb7 elementor-mobile-align-center elementor-widget elementor-widget-button" data-id="58b4fb7" data-element_type="widget" data-e-type="widget" data-widget_type="button.default">
				<div class="elementor-widget-container">
									<div class="elementor-button-wrapper">
					<a class="elementor-button elementor-button-link elementor-size-sm" href="https://lfmalaga.com/wp-content/uploads/2022/07/autorisation-prelevement-mensuel-2022-23.pdf" target="_blank">
						<span class="elementor-button-content-wrapper">
						<span class="elementor-button-icon">
				<i aria-hidden="true" class="fas fa-file-pdf"></i>			</span>
									<span class="elementor-button-text">Monthly direct debit authorization</span>
					</span>
					</a>
				</div>
								</div>
				</div>
				<div class="elementor-element elementor-element-847a319 elementor-mobile-align-center elementor-widget elementor-widget-button" data-id="847a319" data-element_type="widget" data-e-type="widget" data-widget_type="button.default">
				<div class="elementor-widget-container">
									<div class="elementor-button-wrapper">
					<a class="elementor-button elementor-button-link elementor-size-sm" href="https://lfmalaga.com/wp-content/uploads/2022/07/reglement-caisse-de-solidarite.pdf" target="_blank">
						<span class="elementor-button-content-wrapper">
						<span class="elementor-button-icon">
				<i aria-hidden="true" class="fas fa-file-pdf"></i>			</span>
									<span class="elementor-button-text">Rules of the aid allocation committee of the LFIM solidarity fund</span>
					</span>
					</a>
				</div>
								</div>
				</div>
				<div class="elementor-element elementor-element-1906c99 elementor-mobile-align-center elementor-widget elementor-widget-button" data-id="1906c99" data-element_type="widget" data-e-type="widget" data-widget_type="button.default">
				<div class="elementor-widget-container">
									<div class="elementor-button-wrapper">
					<a class="elementor-button elementor-button-link elementor-size-sm" href="https://lfmalaga.com/wp-content/uploads/2022/07/form.-demande-aide-caisse-de-solidarite.pdf" target="_blank">
						<span class="elementor-button-content-wrapper">
						<span class="elementor-button-icon">
				<i aria-hidden="true" class="fas fa-file-pdf"></i>			</span>
									<span class="elementor-button-text">Request for aid from the solidarity fund</span>
					</span>
					</a>
				</div>
								</div>
				</div>
					</div>
				</div>
				</div>

<p>Frais de scolarité La scolarité au Lycée Français International de Málaga est payante pour tout élève inscrit, quelle que soit sa nationalité. Les tarifs sont votés par l’Association pour le développement du Lycée français international de Málaga réunie en Comité de gestion.&nbsp; Consultez les documents ci-dessous afin de vous informer sur les frais de scolarité [&hellip;]</p>
