{"id":88,"date":"2021-03-28T11:09:31","date_gmt":"2021-03-28T09:09:31","guid":{"rendered":"https:\/\/lfmalaga.im-nomade.com\/?page_id=88"},"modified":"2025-06-11T10:23:44","modified_gmt":"2025-06-11T08:23:44","slug":"bourses-scolaires","status":"publish","type":"page","link":"https:\/\/lfmalaga.com\/es\/formalites\/bourses-scolaires\/","title":{"rendered":"Becas"},"content":{"rendered":"<div data-elementor-type=\"wp-page\" data-elementor-id=\"88\" class=\"elementor elementor-88\" data-elementor-post-type=\"page\">\n\t\t\t\t\t\t<section class=\"elementor-section elementor-top-section elementor-element elementor-element-244bcc7b elementor-section-full_width elementor-section-content-middle elementor-section-height-default elementor-section-height-default\" data-id=\"244bcc7b\" data-element_type=\"section\" data-e-type=\"section\">\n\t\t\t\t\t\t<div class=\"elementor-container elementor-column-gap-no\">\n\t\t\t\t\t<div class=\"elementor-column elementor-col-100 elementor-top-column elementor-element elementor-element-1de1822c\" data-id=\"1de1822c\" data-element_type=\"column\" data-e-type=\"column\">\n\t\t\t<div class=\"elementor-widget-wrap elementor-element-populated\">\n\t\t\t\t\t\t<div class=\"elementor-element elementor-element-3e6e12ad elementor-widget elementor-widget-shortcode\" data-id=\"3e6e12ad\" data-element_type=\"widget\" data-e-type=\"widget\" data-widget_type=\"shortcode.default\">\n\t\t\t\t<div class=\"elementor-widget-container\">\n\t\t\t\t\t\t\t<div class=\"elementor-shortcode\"><\/div>\n\t\t\t\t\t\t<\/div>\n\t\t\t\t<\/div>\n\t\t\t\t\t<\/div>\n\t\t<\/div>\n\t\t\t\t\t<\/div>\n\t\t<\/section>\n\t\t\t\t<section class=\"elementor-section elementor-top-section elementor-element elementor-element-bd8e5b3 elementor-section-boxed elementor-section-height-default elementor-section-height-default\" data-id=\"bd8e5b3\" data-element_type=\"section\" data-e-type=\"section\">\n\t\t\t\t\t\t<div class=\"elementor-container elementor-column-gap-default\">\n\t\t\t\t\t<div class=\"elementor-column elementor-col-100 elementor-top-column elementor-element elementor-element-77288a5\" data-id=\"77288a5\" data-element_type=\"column\" data-e-type=\"column\">\n\t\t\t<div class=\"elementor-widget-wrap elementor-element-populated\">\n\t\t\t\t\t\t<div class=\"elementor-element elementor-element-7e5c943 elementor-widget elementor-widget-heading\" data-id=\"7e5c943\" data-element_type=\"widget\" data-e-type=\"widget\" data-widget_type=\"heading.default\">\n\t\t\t\t<div class=\"elementor-widget-container\">\n\t\t\t\t\t<h2 class=\"elementor-heading-title elementor-size-default\">Becas Escolares AEFE 2025\/2026<\/h2>\t\t\t\t<\/div>\n\t\t\t\t<\/div>\n\t\t\t\t<div class=\"elementor-element elementor-element-4b915ec elementor-widget elementor-widget-text-editor\" data-id=\"4b915ec\" data-element_type=\"widget\" data-e-type=\"widget\" data-widget_type=\"text-editor.default\">\n\t\t\t\t<div class=\"elementor-widget-container\">\n\t\t\t\t\t\t\t\t\t<p>(En beneficio de los ni\u00f1os de nacionalidad francesa escolarizados en un establecimiento de la red de los liceos de la AEFE)<\/p>\t\t\t\t\t\t\t\t<\/div>\n\t\t\t\t<\/div>\n\t\t\t\t<div class=\"elementor-element elementor-element-44322eb elementor-widget elementor-widget-text-editor\" data-id=\"44322eb\" data-element_type=\"widget\" data-e-type=\"widget\" data-widget_type=\"text-editor.default\">\n\t\t\t\t<div class=\"elementor-widget-container\">\n\t\t\t\t\t\t\t\t\t<p><strong>Los plazos de presentaci\u00f3n y env\u00edo de solicitudes:\u00a0<\/strong><strong>del lunes 3 al jueves 27 de enero (plazo imperativo).\u00a0<\/strong><span style=\"color: var( --e-global-color-d9c29ee ); font-family: var( --e-global-typography-text-font-family ), Sans-serif; font-size: var( --e-global-typography-text-font-size ); font-weight: var( --e-global-typography-text-font-weight );\">No olvides enviar\u00a0<\/span><span style=\"color: var( --e-global-color-d9c29ee ); font-family: var( --e-global-typography-text-font-family ), Sans-serif; font-size: var( --e-global-typography-text-font-size ); font-weight: bolder;\">el expediente completo<\/span><span style=\"color: var( --e-global-color-d9c29ee ); font-family: var( --e-global-typography-text-font-family ), Sans-serif; font-size: var( --e-global-typography-text-font-size ); font-weight: var( --e-global-typography-text-font-weight );\">\u00a0<\/span><span style=\"color: var( --e-global-color-d9c29ee ); font-family: var( --e-global-typography-text-font-family ), Sans-serif; font-size: var( --e-global-typography-text-font-size ); font-weight: var( --e-global-typography-text-font-weight );\">incluyendo el formulario de solicitud rellenado y firmado, la carta de presentaci\u00f3n y todos los documentos solicitados.<\/span><span style=\"color: var( --e-global-color-d9c29ee ); font-family: var( --e-global-typography-text-font-family ), Sans-serif; font-size: var( --e-global-typography-text-font-size ); font-weight: var( --e-global-typography-text-font-weight );\">\u00a0<\/span><\/p>\t\t\t\t\t\t\t\t<\/div>\n\t\t\t\t<\/div>\n\t\t\t\t<div class=\"elementor-element elementor-element-0aff7c1 elementor-mobile-align-center elementor-widget elementor-widget-button\" data-id=\"0aff7c1\" data-element_type=\"widget\" data-e-type=\"widget\" data-widget_type=\"button.default\">\n\t\t\t\t<div class=\"elementor-widget-container\">\n\t\t\t\t\t\t\t\t\t<div class=\"elementor-button-wrapper\">\n\t\t\t\t\t<a class=\"elementor-button elementor-button-link elementor-size-sm\" href=\"https:\/\/lfmalaga.com\/wp-content\/uploads\/2024\/02\/Dossier-caisse-de-solidarite-FR-2324.pdf\" target=\"_blank\">\n\t\t\t\t\t\t<span class=\"elementor-button-content-wrapper\">\n\t\t\t\t\t\t<span class=\"elementor-button-icon\">\n\t\t\t\t<i aria-hidden=\"true\" class=\"fas fa-file-pdf\"><\/i>\t\t\t<\/span>\n\t\t\t\t\t\t\t\t\t<span class=\"elementor-button-text\">Formulario de solicitud<\/span>\n\t\t\t\t\t<\/span>\n\t\t\t\t\t<\/a>\n\t\t\t\t<\/div>\n\t\t\t\t\t\t\t\t<\/div>\n\t\t\t\t<\/div>\n\t\t\t\t<div class=\"elementor-element elementor-element-c42c42d elementor-mobile-align-center elementor-widget elementor-widget-button\" data-id=\"c42c42d\" data-element_type=\"widget\" data-e-type=\"widget\" data-widget_type=\"button.default\">\n\t\t\t\t<div class=\"elementor-widget-container\">\n\t\t\t\t\t\t\t\t\t<div class=\"elementor-button-wrapper\">\n\t\t\t\t\t<a class=\"elementor-button elementor-button-link elementor-size-sm\" href=\"https:\/\/es.ambafrance.org\/Aide-a-la-scolarisation-des-eleves-en-situation-de-handicap-AESH\" target=\"_blank\" rel=\"noopener\">\n\t\t\t\t\t\t<span class=\"elementor-button-content-wrapper\">\n\t\t\t\t\t\t<span class=\"elementor-button-icon\">\n\t\t\t\t<i aria-hidden=\"true\" class=\"fas fa-file-pdf\"><\/i>\t\t\t<\/span>\n\t\t\t\t\t\t\t\t\t<span class=\"elementor-button-text\">Ayuda para la escolarizaci\u00f3n de alumnos con discapacidad \u2013 AESH<\/span>\n\t\t\t\t\t<\/span>\n\t\t\t\t\t<\/a>\n\t\t\t\t<\/div>\n\t\t\t\t\t\t\t\t<\/div>\n\t\t\t\t<\/div>\n\t\t\t\t<div class=\"elementor-element elementor-element-5c723ec elementor-widget elementor-widget-text-editor\" data-id=\"5c723ec\" data-element_type=\"widget\" data-e-type=\"widget\" data-widget_type=\"text-editor.default\">\n\t\t\t\t<div class=\"elementor-widget-container\">\n\t\t\t\t\t\t\t\t\t<p>Las familias que deseen presentar una primera solicitud de beca en 2022 deben inscribirse obligatoriamente en el registro de franceses residentes fuera de Francia (en el sitio web del Consulado) y solicitar cuanto antes un certificado de baja de su \u00faltimo lugar de residencia en Francia a trav\u00e9s de la Caisse d&#039;Allocations Familiales (este documento debe adjuntarse al expediente).<\/p><div><p>Todos los expedientes se tramitan directamente en el Consulado de Francia en Madrid. Las agencias consulares no recibir\u00e1n expedientes.\u00a0<span style=\"color: var( --e-global-color-d9c29ee ); font-family: var( --e-global-typography-text-font-family ), Sans-serif; font-size: var( --e-global-typography-text-font-size ); font-weight: var( --e-global-typography-text-font-weight );\">El formulario a cumplimentar, la lista de documentos a aportar, el procedimiento a seguir y el folleto informativo tambi\u00e9n est\u00e1n disponibles en la p\u00e1gina web del Consulado General de Francia en Madrid.<\/span><\/p><\/div>\t\t\t\t\t\t\t\t<\/div>\n\t\t\t\t<\/div>\n\t\t\t\t<div class=\"elementor-element elementor-element-3ff3528 elementor-mobile-align-center elementor-widget elementor-widget-button\" data-id=\"3ff3528\" data-element_type=\"widget\" data-e-type=\"widget\" data-widget_type=\"button.default\">\n\t\t\t\t<div class=\"elementor-widget-container\">\n\t\t\t\t\t\t\t\t\t<div class=\"elementor-button-wrapper\">\n\t\t\t\t\t<a class=\"elementor-button elementor-button-link elementor-size-sm\" href=\"https:\/\/es.ambafrance.org\/Bourses-scolaires-2022-2023-CCB1?var_mode=calcul\" target=\"_blank\" rel=\"noopener\">\n\t\t\t\t\t\t<span class=\"elementor-button-content-wrapper\">\n\t\t\t\t\t\t<span class=\"elementor-button-icon\">\n\t\t\t\t<i aria-hidden=\"true\" class=\"fas fa-file-pdf\"><\/i>\t\t\t<\/span>\n\t\t\t\t\t\t\t\t\t<span class=\"elementor-button-text\">Web del Consulado General de Francia en Madrid<\/span>\n\t\t\t\t\t<\/span>\n\t\t\t\t\t<\/a>\n\t\t\t\t<\/div>\n\t\t\t\t\t\t\t\t<\/div>\n\t\t\t\t<\/div>\n\t\t\t\t\t<\/div>\n\t\t<\/div>\n\t\t\t\t\t<\/div>\n\t\t<\/section>\n\t\t\t\t<\/div>","protected":false},"excerpt":{"rendered":"<p>Bourses scolaires AEFE 2025 \/ 2026 (Au b\u00e9n\u00e9fice des enfants de nationalit\u00e9 fran\u00e7aise scolaris\u00e9s dans un \u00e9tablissement du r\u00e9seau de l\u2019AEFE) Dates limites de d\u00e9p\u00f4t et d\u2019envoi des dossiers :\u00a0du lundi 3 au jeudi 27 janvier (d\u00e9lai de rigueur).\u00a0N\u2019oubliez pas d&rsquo;envoyer\u00a0un dossier complet\u00a0comprenant le\u00a0formulaire de demande renseign\u00e9 et sign\u00e9, la\u00a0lettre de pr\u00e9sentation et l\u2019int\u00e9gralit\u00e9 des [&hellip;]<\/p>\n","protected":false},"author":1,"featured_media":365,"parent":29318,"menu_order":0,"comment_status":"closed","ping_status":"closed","template":"","meta":{"footnotes":""},"class_list":["post-88","page","type-page","status-publish","has-post-thumbnail","hentry"],"_links":{"self":[{"href":"https:\/\/lfmalaga.com\/es\/wp-json\/wp\/v2\/pages\/88","targetHints":{"allow":["GET"]}}],"collection":[{"href":"https:\/\/lfmalaga.com\/es\/wp-json\/wp\/v2\/pages"}],"about":[{"href":"https:\/\/lfmalaga.com\/es\/wp-json\/wp\/v2\/types\/page"}],"author":[{"embeddable":true,"href":"https:\/\/lfmalaga.com\/es\/wp-json\/wp\/v2\/users\/1"}],"replies":[{"embeddable":true,"href":"https:\/\/lfmalaga.com\/es\/wp-json\/wp\/v2\/comments?post=88"}],"version-history":[{"count":7,"href":"https:\/\/lfmalaga.com\/es\/wp-json\/wp\/v2\/pages\/88\/revisions"}],"predecessor-version":[{"id":35915,"href":"https:\/\/lfmalaga.com\/es\/wp-json\/wp\/v2\/pages\/88\/revisions\/35915"}],"up":[{"embeddable":true,"href":"https:\/\/lfmalaga.com\/es\/wp-json\/wp\/v2\/pages\/29318"}],"wp:featuredmedia":[{"embeddable":true,"href":"https:\/\/lfmalaga.com\/es\/wp-json\/"}],"wp:attachment":[{"href":"https:\/\/lfmalaga.com\/es\/wp-json\/wp\/v2\/media?parent=88"}],"curies":[{"name":"wp","href":"https:\/\/api.w.org\/{rel}","templated":true}]}}

<div data-elementor-type="wp-page" data-elementor-id="88" class="elementor elementor-88" data-elementor-post-type="page">
						<section class="elementor-section elementor-top-section elementor-element elementor-element-244bcc7b elementor-section-full_width elementor-section-content-middle elementor-section-height-default elementor-section-height-default" data-id="244bcc7b" data-element_type="section" data-e-type="section">
						<div class="elementor-container elementor-column-gap-no">
					<div class="elementor-column elementor-col-100 elementor-top-column elementor-element elementor-element-1de1822c" data-id="1de1822c" data-element_type="column" data-e-type="column">
			<div class="elementor-widget-wrap elementor-element-populated">
						<div class="elementor-element elementor-element-3e6e12ad elementor-widget elementor-widget-shortcode" data-id="3e6e12ad" data-element_type="widget" data-e-type="widget" data-widget_type="shortcode.default">
				<div class="elementor-widget-container">
							<div class="elementor-shortcode"></div>
						</div>
				</div>
					</div>
		</div>
					</div>
		</section>
				<section class="elementor-section elementor-top-section elementor-element elementor-element-bd8e5b3 elementor-section-boxed elementor-section-height-default elementor-section-height-default" data-id="bd8e5b3" data-element_type="section" data-e-type="section">
						<div class="elementor-container elementor-column-gap-default">
					<div class="elementor-column elementor-col-100 elementor-top-column elementor-element elementor-element-77288a5" data-id="77288a5" data-element_type="column" data-e-type="column">
			<div class="elementor-widget-wrap elementor-element-populated">
						<div class="elementor-element elementor-element-7e5c943 elementor-widget elementor-widget-heading" data-id="7e5c943" data-element_type="widget" data-e-type="widget" data-widget_type="heading.default">
				<div class="elementor-widget-container">
					<h2 class="elementor-heading-title elementor-size-default">Becas Escolares AEFE 2025/2026</h2>				</div>
				</div>
				<div class="elementor-element elementor-element-4b915ec elementor-widget elementor-widget-text-editor" data-id="4b915ec" data-element_type="widget" data-e-type="widget" data-widget_type="text-editor.default">
				<div class="elementor-widget-container">
									<p>(En beneficio de los niños de nacionalidad francesa escolarizados en un establecimiento de la red de los liceos de la AEFE)</p>								</div>
				</div>
				<div class="elementor-element elementor-element-44322eb elementor-widget elementor-widget-text-editor" data-id="44322eb" data-element_type="widget" data-e-type="widget" data-widget_type="text-editor.default">
				<div class="elementor-widget-container">
									<p><strong>Los plazos de presentación y envío de solicitudes: </strong><strong>del lunes 3 al jueves 27 de enero (plazo imperativo). </strong><span style="color: var( --e-global-color-d9c29ee ); font-family: var( --e-global-typography-text-font-family ), Sans-serif; font-size: var( --e-global-typography-text-font-size ); font-weight: var( --e-global-typography-text-font-weight );">No olvides enviar </span><span style="color: var( --e-global-color-d9c29ee ); font-family: var( --e-global-typography-text-font-family ), Sans-serif; font-size: var( --e-global-typography-text-font-size ); font-weight: bolder;">el expediente completo</span><span style="color: var( --e-global-color-d9c29ee ); font-family: var( --e-global-typography-text-font-family ), Sans-serif; font-size: var( --e-global-typography-text-font-size ); font-weight: var( --e-global-typography-text-font-weight );"> </span><span style="color: var( --e-global-color-d9c29ee ); font-family: var( --e-global-typography-text-font-family ), Sans-serif; font-size: var( --e-global-typography-text-font-size ); font-weight: var( --e-global-typography-text-font-weight );">incluyendo el formulario de solicitud rellenado y firmado, la carta de presentación y todos los documentos solicitados.</span><span style="color: var( --e-global-color-d9c29ee ); font-family: var( --e-global-typography-text-font-family ), Sans-serif; font-size: var( --e-global-typography-text-font-size ); font-weight: var( --e-global-typography-text-font-weight );"> </span></p>								</div>
				</div>
				<div class="elementor-element elementor-element-0aff7c1 elementor-mobile-align-center elementor-widget elementor-widget-button" data-id="0aff7c1" data-element_type="widget" data-e-type="widget" data-widget_type="button.default">
				<div class="elementor-widget-container">
									<div class="elementor-button-wrapper">
					<a class="elementor-button elementor-button-link elementor-size-sm" href="https://lfmalaga.com/wp-content/uploads/2024/02/Dossier-caisse-de-solidarite-FR-2324.pdf" target="_blank">
						<span class="elementor-button-content-wrapper">
						<span class="elementor-button-icon">
				<i aria-hidden="true" class="fas fa-file-pdf"></i>			</span>
									<span class="elementor-button-text">Formulario de solicitud</span>
					</span>
					</a>
				</div>
								</div>
				</div>
				<div class="elementor-element elementor-element-c42c42d elementor-mobile-align-center elementor-widget elementor-widget-button" data-id="c42c42d" data-element_type="widget" data-e-type="widget" data-widget_type="button.default">
				<div class="elementor-widget-container">
									<div class="elementor-button-wrapper">
					<a class="elementor-button elementor-button-link elementor-size-sm" href="https://es.ambafrance.org/Aide-a-la-scolarisation-des-eleves-en-situation-de-handicap-AESH" target="_blank" rel="noopener">
						<span class="elementor-button-content-wrapper">
						<span class="elementor-button-icon">
				<i aria-hidden="true" class="fas fa-file-pdf"></i>			</span>
									<span class="elementor-button-text">Ayuda para la escolarización de alumnos con discapacidad – AESH</span>
					</span>
					</a>
				</div>
								</div>
				</div>
				<div class="elementor-element elementor-element-5c723ec elementor-widget elementor-widget-text-editor" data-id="5c723ec" data-element_type="widget" data-e-type="widget" data-widget_type="text-editor.default">
				<div class="elementor-widget-container">
									<p>Las familias que deseen presentar una primera solicitud de beca en 2022 deben inscribirse obligatoriamente en el registro de franceses residentes fuera de Francia (en el sitio web del Consulado) y solicitar cuanto antes un certificado de baja de su último lugar de residencia en Francia a través de la Caisse d&#039;Allocations Familiales (este documento debe adjuntarse al expediente).</p><div><p>Todos los expedientes se tramitan directamente en el Consulado de Francia en Madrid. Las agencias consulares no recibirán expedientes. <span style="color: var( --e-global-color-d9c29ee ); font-family: var( --e-global-typography-text-font-family ), Sans-serif; font-size: var( --e-global-typography-text-font-size ); font-weight: var( --e-global-typography-text-font-weight );">El formulario a cumplimentar, la lista de documentos a aportar, el procedimiento a seguir y el folleto informativo también están disponibles en la página web del Consulado General de Francia en Madrid.</span></p></div>								</div>
				</div>
				<div class="elementor-element elementor-element-3ff3528 elementor-mobile-align-center elementor-widget elementor-widget-button" data-id="3ff3528" data-element_type="widget" data-e-type="widget" data-widget_type="button.default">
				<div class="elementor-widget-container">
									<div class="elementor-button-wrapper">
					<a class="elementor-button elementor-button-link elementor-size-sm" href="https://es.ambafrance.org/Bourses-scolaires-2022-2023-CCB1?var_mode=calcul" target="_blank" rel="noopener">
						<span class="elementor-button-content-wrapper">
						<span class="elementor-button-icon">
				<i aria-hidden="true" class="fas fa-file-pdf"></i>			</span>
									<span class="elementor-button-text">Web del Consulado General de Francia en Madrid</span>
					</span>
					</a>
				</div>
								</div>
				</div>
					</div>
		</div>
					</div>
		</section>
				</div>

<p>Bourses scolaires AEFE 2025 / 2026 (Au bénéfice des enfants de nationalité française scolarisés dans un établissement du réseau de l’AEFE) Dates limites de dépôt et d’envoi des dossiers : du lundi 3 au jeudi 27 janvier (délai de rigueur). N’oubliez pas d&rsquo;envoyer un dossier complet comprenant le formulaire de demande renseigné et signé, la lettre de présentation et l’intégralité des [&hellip;]</p>
